{"id":2096,"date":"2023-10-26T13:09:50","date_gmt":"2023-10-26T13:09:50","guid":{"rendered":"https:\/\/antamebike.com\/?post_type=product&#038;p=2096"},"modified":"2024-08-12T11:30:12","modified_gmt":"2024-08-12T11:30:12","slug":"x20-pro-xe-dap-tro-luc-dien-gap-gon-banh-3-0-trang-bi-hang-dau","status":"publish","type":"product","link":"https:\/\/antamebike.com\/?product=x20-pro-xe-dap-tro-luc-dien-gap-gon-banh-3-0-trang-bi-hang-dau","title":{"rendered":"X20 Pro &#8211; Xe \u0111\u1ea1p tr\u1ee3 l\u1ef1c \u0111i\u1ec7n G\u1ea5p g\u1ecdn &#8211; B\u00e1nh 3.0, Trang b\u1ecb h\u00e0ng \u0111\u1ea7u"},"content":{"rendered":"<p>V\u1edbi nh\u1eefng ai y\u00eau th\u00edch d\u00f2ng xe G\u1ea5p g\u1ecdn L\u1ed1p 20&#215;3.0 th\u01b0\u1eddng s\u1ebd r\u1ea5t quan t\u00e2m <strong>Engwe C20 Pro<\/strong>, <strong>Himo Z20 Pro<\/strong> ho\u1eb7c <strong>Zhengbu X6 Pro<\/strong>. Nh\u01b0ng v\u1edbi <strong>SR X20 Pro<\/strong> ch\u1eafc ch\u1eafn s\u1ebd l\u00e0m b\u1ea1n h\u00e0i l\u00f2ng h\u01a1n r\u1ea5t nhi\u1ec1u.<\/p>\n<p>B\u1ea1n \u0111ang c\u1ea7n t\u00ecm 1 chi\u1ebfc xe \u0111\u1ea1p tr\u1ee3 l\u1ef1c \u0111i\u1ec7n G\u1ea5p g\u1ecdn L\u1ed1p 20&#215;3.0, Phong c\u00e1ch th\u1ec3 thao, m\u1ea1nh m\u1ebd, Pin dung l\u01b0\u1ee3ng cao cho qu\u00e3ng \u0111\u01b0\u1eddng di chuy\u1ec3n xa v\u00e0 v\u1eadn h\u00e0nh \u00eam \u00e1i v\u1edbi h\u1ec7 th\u1ed1ng gi\u1ea3m shock x\u1ecbn d\u00f9 qua nh\u1eefng cung \u0111\u01b0\u1eddng x\u1ea5u th\u00ec <strong>X20 Pro<\/strong> \u0111\u00fang l\u00e0 chi\u1ebfc xe b\u1ea1n \u0111ang t\u00ecm<\/p>\n<h2>Xe \u0111\u1ea1p tr\u1ee3 l\u1ef1c \u0111i\u1ec7n SR <strong>X20 PRO<\/strong><\/h2>\n\n<h3><img loading=\"lazy\" decoding=\"async\" class=\"alignnone wp-image-2259 size-large\" src=\"https:\/\/antamebike.com\/wp-content\/uploads\/2023\/10\/SR-X20-Pro-1-1024x1024.png\" alt=\"\" width=\"1024\" height=\"1024\" srcset=\"https:\/\/antamebike.com\/wp-content\/uploads\/2023\/10\/SR-X20-Pro-1-1024x1024.png 1024w, https:\/\/antamebike.com\/wp-content\/uploads\/2023\/10\/SR-X20-Pro-1-300x300.png 300w, https:\/\/antamebike.com\/wp-content\/uploads\/2023\/10\/SR-X20-Pro-1-150x150.png 150w, https:\/\/antamebike.com\/wp-content\/uploads\/2023\/10\/SR-X20-Pro-1-768x768.png 768w, https:\/\/antamebike.com\/wp-content\/uploads\/2023\/10\/SR-X20-Pro-1-600x600.png 600w, https:\/\/antamebike.com\/wp-content\/uploads\/2023\/10\/SR-X20-Pro-1-100x100.png 100w, https:\/\/antamebike.com\/wp-content\/uploads\/2023\/10\/SR-X20-Pro-1.png 1080w\" sizes=\"auto, (max-width: 1024px) 100vw, 1024px\" \/><\/h3>\n<p>&nbsp;<\/p>\n<h3><strong>Thi\u1ebft k\u1ebf phong c\u00e1ch hi\u1ec7n \u0111\u1ea1i, m\u1ea1nh m\u1ebd<\/strong><\/h3>\n<p><strong>X20 Pro<\/strong> c\u00f3 thi\u1ebft k\u1ebf t\u01b0\u01a1ng t\u1ef1 nh\u01b0 c\u00e1c chi\u1ebfc xe g\u1ea5p g\u1ecdn 3.0 n\u1ed5i ti\u1ebfng kh\u00e1c tr\u00ean th\u1ecb tr\u01b0\u1eddng. Nh\u01b0ng v\u1edbi trang b\u1ecb th\u00eam Phu\u1ed9c gi\u1eefa cao c\u1ea5p, Baga x\u1ecbn ch\u00ednh h\u00e3ng c\u00f9ng v\u1edbi M\u00e0u X\u00e1m Dark Gray k\u1ebft h\u1ee3p b\u1ed9 Tem Cam \u0111\u1ed9c \u0111\u00e1o \u0111\u00e3 gi\u00fap <strong>X20 Pro<\/strong> c\u00f3 Phong c\u00e1ch m\u1ea1nh m\u1ebd v\u00e0 hi\u1ec7n \u0111\u1ea1i h\u01a1n h\u1eb5n \u0111\u1ed1i th\u1ee7.<\/p>\n<p><img loading=\"lazy\" decoding=\"async\" class=\"alignnone wp-image-2258 size-large\" src=\"https:\/\/antamebike.com\/wp-content\/uploads\/2023\/10\/SR-X20-Pro-4-1024x1024.png\" alt=\"\" width=\"1024\" height=\"1024\" srcset=\"https:\/\/antamebike.com\/wp-content\/uploads\/2023\/10\/SR-X20-Pro-4-1024x1024.png 1024w, https:\/\/antamebike.com\/wp-content\/uploads\/2023\/10\/SR-X20-Pro-4-300x300.png 300w, https:\/\/antamebike.com\/wp-content\/uploads\/2023\/10\/SR-X20-Pro-4-150x150.png 150w, https:\/\/antamebike.com\/wp-content\/uploads\/2023\/10\/SR-X20-Pro-4-768x768.png 768w, https:\/\/antamebike.com\/wp-content\/uploads\/2023\/10\/SR-X20-Pro-4-600x600.png 600w, https:\/\/antamebike.com\/wp-content\/uploads\/2023\/10\/SR-X20-Pro-4-100x100.png 100w, https:\/\/antamebike.com\/wp-content\/uploads\/2023\/10\/SR-X20-Pro-4.png 1080w\" sizes=\"auto, (max-width: 1024px) 100vw, 1024px\" \/><\/p>\n<h3><strong>L\u1ed1p 20 x3.0 m\u1ea1nh m\u1ebd<\/strong><\/h3>\n<p>V\u1edbi trang b\u1ecb <strong>L\u1ed1p 20&#215;3.0<\/strong> kh\u00f4ng ch\u1ec9 l\u00e0m ngo\u1ea1i h\u00ecnh <strong>X20 Pro<\/strong> m\u1ea1nh m\u1ebd h\u01a1n m\u00e0 c\u00f2n gi\u00fap X20 Pro s\u1eed d\u1ee5ng kh\u00e1 an to\u00e0n d\u00f9 qua nh\u1eefng \u0111\u1ecba h\u00ecnh x\u1ea5u v\u00ec \u0111\u1ed9 b\u00e1m \u0111\u01b0\u1eddng c\u1ee7a L\u1ed1p 3.0 kh\u00e1 t\u1ed1t.<\/p>\n<p><img loading=\"lazy\" decoding=\"async\" class=\"alignnone wp-image-2105 size-large\" src=\"https:\/\/antamebike.com\/wp-content\/uploads\/2023\/10\/SR-X20-Pro-galaxy-1024x1024.png\" alt=\"\" width=\"1024\" height=\"1024\" srcset=\"https:\/\/antamebike.com\/wp-content\/uploads\/2023\/10\/SR-X20-Pro-galaxy-1024x1024.png 1024w, https:\/\/antamebike.com\/wp-content\/uploads\/2023\/10\/SR-X20-Pro-galaxy-300x300.png 300w, https:\/\/antamebike.com\/wp-content\/uploads\/2023\/10\/SR-X20-Pro-galaxy-150x150.png 150w, https:\/\/antamebike.com\/wp-content\/uploads\/2023\/10\/SR-X20-Pro-galaxy-768x768.png 768w, https:\/\/antamebike.com\/wp-content\/uploads\/2023\/10\/SR-X20-Pro-galaxy-600x600.png 600w, https:\/\/antamebike.com\/wp-content\/uploads\/2023\/10\/SR-X20-Pro-galaxy-100x100.png 100w, https:\/\/antamebike.com\/wp-content\/uploads\/2023\/10\/SR-X20-Pro-galaxy.png 1080w\" sizes=\"auto, (max-width: 1024px) 100vw, 1024px\" \/><\/p>\n<h3><strong>Gi\u1ea3m shock K\u00e9p v\u1edbi 2 Phu\u1ed9c cao c\u1ea5p<\/strong><\/h3>\n<p>X20 Pro l\u00e0 chi\u1ebfc xe tr\u1ee3 l\u1ef1c G\u1ea5p g\u1ecdn 3.0 duy nh\u1ea5t tr\u00ean th\u1ecb tr\u01b0\u1eddng hi\u1ec7n nay trang b\u1ecb \u0111\u1ebfn 2 Phu\u1ed9c gi\u1ea3m shock m\u00e0 ch\u01b0a c\u00f3 \u0111\u1ed1i th\u1ee7 n\u00e0o c\u00f3. \u0110\u1eb7c bi\u1ec7t h\u01a1n Phu\u1ed9c gi\u1ea3m shock tr\u01b0\u1edbc c\u1ee7a X20 Pro c\u00f2n c\u00f3 th\u1ec3 t\u0103ng ch\u1ec9nh kho\u00e1 m\u1edf cho t\u1eebng \u0111\u1ecba h\u00ecnh ph\u00f9 h\u1ee3p m\u00e0 \u0111a s\u1ed1 c\u00e1c \u0111\u1ed1i th\u1ee7 c\u00f9ng ph\u00e2n kh\u00fac c\u00f3 trang b\u1ecb Phu\u1ed9c tr\u01b0\u1edbc c\u0169ng ch\u1ec9 l\u00e0 Phu\u1ed9c Fit kh\u00f4ng th\u1ec3 t\u0103ng ch\u1ec9nh \u0111\u01b0\u1ee3c.<\/p>\n<p><img loading=\"lazy\" decoding=\"async\" class=\"alignnone wp-image-2106 size-large\" src=\"https:\/\/antamebike.com\/wp-content\/uploads\/2023\/10\/SR-X20-Pro-phuoc-truoc-576x1024.jpg\" alt=\"\" width=\"576\" height=\"1024\" srcset=\"https:\/\/antamebike.com\/wp-content\/uploads\/2023\/10\/SR-X20-Pro-phuoc-truoc-576x1024.jpg 576w, https:\/\/antamebike.com\/wp-content\/uploads\/2023\/10\/SR-X20-Pro-phuoc-truoc-169x300.jpg 169w, https:\/\/antamebike.com\/wp-content\/uploads\/2023\/10\/SR-X20-Pro-phuoc-truoc-600x1067.jpg 600w, https:\/\/antamebike.com\/wp-content\/uploads\/2023\/10\/SR-X20-Pro-phuoc-truoc.jpg 720w\" sizes=\"auto, (max-width: 576px) 100vw, 576px\" \/> <img loading=\"lazy\" decoding=\"async\" class=\"alignnone wp-image-2107 size-large\" src=\"https:\/\/antamebike.com\/wp-content\/uploads\/2023\/10\/X20T-Pro-green-PHUOC-576x1024.jpg\" alt=\"\" width=\"576\" height=\"1024\" srcset=\"https:\/\/antamebike.com\/wp-content\/uploads\/2023\/10\/X20T-Pro-green-PHUOC-576x1024.jpg 576w, https:\/\/antamebike.com\/wp-content\/uploads\/2023\/10\/X20T-Pro-green-PHUOC-169x300.jpg 169w, https:\/\/antamebike.com\/wp-content\/uploads\/2023\/10\/X20T-Pro-green-PHUOC-600x1067.jpg 600w, https:\/\/antamebike.com\/wp-content\/uploads\/2023\/10\/X20T-Pro-green-PHUOC.jpg 720w\" sizes=\"auto, (max-width: 576px) 100vw, 576px\" \/><\/p>\n<p>V\u1edbi 2 Phu\u1ed9c gi\u1ea3m shock cao c\u1ea5p + v\u1edbi y\u00ean b\u00e9o trang b\u1ecb s\u1eb5n th\u00ec X20 Pro bao \u00eam \u00e1i cho m\u1ecdi cung \u0111\u01b0\u1eddng lu\u00f4n<\/p>\n<h3><strong>Y\u00ean B\u00e9o trang b\u1ecb s\u1eb5n<\/strong><\/h3>\n<p><img loading=\"lazy\" decoding=\"async\" class=\"alignnone wp-image-2108 size-large\" src=\"https:\/\/antamebike.com\/wp-content\/uploads\/2023\/10\/X20T-Pro-Pink-handle-576x1024.jpg\" alt=\"\" width=\"576\" height=\"1024\" srcset=\"https:\/\/antamebike.com\/wp-content\/uploads\/2023\/10\/X20T-Pro-Pink-handle-576x1024.jpg 576w, https:\/\/antamebike.com\/wp-content\/uploads\/2023\/10\/X20T-Pro-Pink-handle-169x300.jpg 169w, https:\/\/antamebike.com\/wp-content\/uploads\/2023\/10\/X20T-Pro-Pink-handle-600x1067.jpg 600w, https:\/\/antamebike.com\/wp-content\/uploads\/2023\/10\/X20T-Pro-Pink-handle.jpg 720w\" sizes=\"auto, (max-width: 576px) 100vw, 576px\" \/><\/p>\n<h3><strong>PIN LITIUM dung l\u01b0\u1ee3ng cao 36V 16Ah<\/strong><\/h3>\n<p><img loading=\"lazy\" decoding=\"async\" class=\"alignnone wp-image-1616 size-large\" src=\"https:\/\/antamebike.com\/wp-content\/uploads\/2022\/10\/Engwe-C20-pro-No-Range-Anxiety-1024x507.jpg\" alt=\"\" width=\"1024\" height=\"507\" srcset=\"https:\/\/antamebike.com\/wp-content\/uploads\/2022\/10\/Engwe-C20-pro-No-Range-Anxiety-1024x507.jpg 1024w, https:\/\/antamebike.com\/wp-content\/uploads\/2022\/10\/Engwe-C20-pro-No-Range-Anxiety-300x148.jpg 300w, https:\/\/antamebike.com\/wp-content\/uploads\/2022\/10\/Engwe-C20-pro-No-Range-Anxiety-768x380.jpg 768w, https:\/\/antamebike.com\/wp-content\/uploads\/2022\/10\/Engwe-C20-pro-No-Range-Anxiety-1536x760.jpg 1536w, https:\/\/antamebike.com\/wp-content\/uploads\/2022\/10\/Engwe-C20-pro-No-Range-Anxiety-600x297.jpg 600w, https:\/\/antamebike.com\/wp-content\/uploads\/2022\/10\/Engwe-C20-pro-No-Range-Anxiety.jpg 1920w\" sizes=\"auto, (max-width: 1024px) 100vw, 1024px\" \/><\/p>\n<p>V\u1edbi kh\u1ed1i <strong>Pin Litium Dung l\u01b0\u1ee3ng 36V 16Ah<\/strong> t\u01b0\u01a1ng \u0111\u01b0\u01a1ng v\u1edbi Engwe C20 Pro th\u00ec \u0111\u00e2y l\u00e0 1 trong 2 m\u1eabu xe 20&#215;3.0 hi\u1ec7n nay tr\u00ean th\u1ecb tr\u01b0\u1eddng c\u00f3 dung l\u01b0\u1ee3ng Pin cao nh\u1ea5t, gi\u00fap qu\u00e3ng \u0111\u01b0\u1eddng tr\u1ee3 l\u1ef1c \u0111i\u1ec7n l\u00ean \u0111\u1ebfn <strong>150Km<\/strong><\/p>\n<p><img loading=\"lazy\" decoding=\"async\" class=\"alignnone wp-image-1610 size-large\" src=\"https:\/\/antamebike.com\/wp-content\/uploads\/2023\/02\/Engwe-P26-5-735x1024.jpeg\" alt=\"\" width=\"735\" height=\"1024\" srcset=\"https:\/\/antamebike.com\/wp-content\/uploads\/2023\/02\/Engwe-P26-5-735x1024.jpeg 735w, https:\/\/antamebike.com\/wp-content\/uploads\/2023\/02\/Engwe-P26-5-215x300.jpeg 215w, https:\/\/antamebike.com\/wp-content\/uploads\/2023\/02\/Engwe-P26-5-768x1070.jpeg 768w, https:\/\/antamebike.com\/wp-content\/uploads\/2023\/02\/Engwe-P26-5-1103x1536.jpeg 1103w, https:\/\/antamebike.com\/wp-content\/uploads\/2023\/02\/Engwe-P26-5-1470x2048.jpeg 1470w, https:\/\/antamebike.com\/wp-content\/uploads\/2023\/02\/Engwe-P26-5-600x836.jpeg 600w, https:\/\/antamebike.com\/wp-content\/uploads\/2023\/02\/Engwe-P26-5-scaled.jpeg 1838w\" sizes=\"auto, (max-width: 735px) 100vw, 735px\" \/><\/p>\n<p>&nbsp;<\/p>\n<h3><strong>\u0110\u1ed9ng c\u01a1 kh\u00f4ng ch\u1ed5i than m\u1ea1nh m\u1ebd<\/strong><\/h3>\n<div class=\"x11i5rnm xat24cr x1mh8g0r x1vvkbs xdj266r x126k92a\">\n<div dir=\"auto\"><img loading=\"lazy\" decoding=\"async\" class=\"alignnone wp-image-1611 size-large\" src=\"https:\/\/antamebike.com\/wp-content\/uploads\/2023\/02\/Engwe-P26-motor-2-735x1024.jpeg\" alt=\"\" width=\"735\" height=\"1024\" srcset=\"https:\/\/antamebike.com\/wp-content\/uploads\/2023\/02\/Engwe-P26-motor-2-735x1024.jpeg 735w, https:\/\/antamebike.com\/wp-content\/uploads\/2023\/02\/Engwe-P26-motor-2-215x300.jpeg 215w, https:\/\/antamebike.com\/wp-content\/uploads\/2023\/02\/Engwe-P26-motor-2-768x1070.jpeg 768w, https:\/\/antamebike.com\/wp-content\/uploads\/2023\/02\/Engwe-P26-motor-2-1103x1536.jpeg 1103w, https:\/\/antamebike.com\/wp-content\/uploads\/2023\/02\/Engwe-P26-motor-2-1470x2048.jpeg 1470w, https:\/\/antamebike.com\/wp-content\/uploads\/2023\/02\/Engwe-P26-motor-2-600x836.jpeg 600w, https:\/\/antamebike.com\/wp-content\/uploads\/2023\/02\/Engwe-P26-motor-2-scaled.jpeg 1838w\" sizes=\"auto, (max-width: 735px) 100vw, 735px\" \/><\/div>\n<div dir=\"auto\"><\/div>\n<div dir=\"auto\">X20 Pro \u0111\u01b0\u1ee3c trang b\u1ecb \u0111\u1ed9ng c\u01a1 Kh\u00f4ng ch\u1ed5i than 250w, c\u00f3 kh\u1ea3 n\u0103ng Peak 500w gi\u00fap v\u1eadn t\u1ed1c \u0111i\u1ec7n c\u1ee7a X20 Pro l\u00ean <strong>38km\/h<\/strong> kh\u00e1 nh\u1eb9 nh\u00e0ng.<\/div>\n<\/div>\n<div class=\"x11i5rnm xat24cr x1mh8g0r x1vvkbs xtlvy1s x126k92a\">\n<div dir=\"auto\">\n<p>&nbsp;<\/p>\n<h3><strong>Baga sau ch\u00ednh h\u00e3ng cao c\u1ea5p<\/strong><\/h3>\n<p>M\u1ed9t trang b\u1ecb c\u1ee7a X20 Pro m\u00e0 v\u01b0\u1ee3t tr\u1ed9i h\u1ea1n so v\u1edbi \u0111\u1ed1i th\u1ee7 l\u00e0 \u0111\u01b0\u1ee3c trang b\u1ecb Baga ch\u00ednh h\u00e3ng kh\u00e1 ngon v\u1edbi tr\u1ecdng t\u1ea3i l\u00ean \u0111\u1ebfn 100kg th\u00ec tha h\u1ed3 cho c\u00e1c anh ch\u1edf ng\u01b0\u1eddi y\u00eau m\u00e0 tr\u01b0\u1edbc \u0111\u00e2y \u0111\u1ed1i v\u1edbi c\u00e1c chi\u1ebfc xe kh\u00e1c ng\u01b0\u1eddi d\u00f9ng c\u00f2n h\u01a1i lo l\u1eafng khi ch\u1edf th\u00eam ng\u01b0\u1eddi.<\/p>\n<p>V\u1edbi Baga x\u1ecbn nh\u01b0 th\u1ebf n\u00e0y tr\u00f4ng ngo\u1ea1i h\u00ecnh X20 Pro c\u0169ng m\u1ea1nh m\u1ebd h\u1eb5n ra lu\u00f4n<\/p>\n<p><img loading=\"lazy\" decoding=\"async\" class=\"alignnone wp-image-2112 size-large\" src=\"https:\/\/antamebike.com\/wp-content\/uploads\/2023\/10\/SR-X20-Pro-baga-576x1024.png\" alt=\"\" width=\"576\" height=\"1024\" srcset=\"https:\/\/antamebike.com\/wp-content\/uploads\/2023\/10\/SR-X20-Pro-baga-576x1024.png 576w, https:\/\/antamebike.com\/wp-content\/uploads\/2023\/10\/SR-X20-Pro-baga-169x300.png 169w, https:\/\/antamebike.com\/wp-content\/uploads\/2023\/10\/SR-X20-Pro-baga-768x1365.png 768w, https:\/\/antamebike.com\/wp-content\/uploads\/2023\/10\/SR-X20-Pro-baga-864x1536.png 864w, https:\/\/antamebike.com\/wp-content\/uploads\/2023\/10\/SR-X20-Pro-baga-1152x2048.png 1152w, https:\/\/antamebike.com\/wp-content\/uploads\/2023\/10\/SR-X20-Pro-baga-600x1067.png 600w, https:\/\/antamebike.com\/wp-content\/uploads\/2023\/10\/SR-X20-Pro-baga.png 1440w\" sizes=\"auto, (max-width: 576px) 100vw, 576px\" \/><\/p>\n<p>&nbsp;<\/p>\n<h5><strong>H\u1ec7 th\u1ed1ng an to\u00e0n<\/strong>:<\/h5>\n<p>M\u1ed9t chi\u1ebfc xe tr\u1ee3 l\u00fac \u0111i\u1ec7n cao c\u1ea5p nh\u01b0 <strong>X20 Pro<\/strong> kh\u00f4ng th\u1ec3 thi\u1ebfu <strong>2 Phanh \u0110\u0129a tr\u01b0\u1edbc v\u00e0 sau<\/strong><\/p>\n<p>K\u1ebft h\u1ee3p v\u1edbi \u0110\u00e8n Led chi\u1ebfu s\u00e1ng tr\u01b0\u1edbc v\u00e0 \u0110\u00e8n Phanh sau. C\u00f9ng v\u1edbi C\u00f2i \u0111i\u1ec7n t\u00edch h\u1ee3p th\u00ec X20 Pro \u0111\u01b0\u1ee3c trang b\u1ecb g\u1ea7n nh\u01b0 T\u1ed1p h\u00e0ng \u0111\u1ea7u lu\u00f4n r\u1ed3i.<\/p>\n<p><img loading=\"lazy\" decoding=\"async\" class=\"alignnone wp-image-2113 size-large\" src=\"https:\/\/antamebike.com\/wp-content\/uploads\/2023\/10\/X20T-Pro-Pink-brake-576x1024.png\" alt=\"\" width=\"576\" height=\"1024\" srcset=\"https:\/\/antamebike.com\/wp-content\/uploads\/2023\/10\/X20T-Pro-Pink-brake-576x1024.png 576w, https:\/\/antamebike.com\/wp-content\/uploads\/2023\/10\/X20T-Pro-Pink-brake-169x300.png 169w, https:\/\/antamebike.com\/wp-content\/uploads\/2023\/10\/X20T-Pro-Pink-brake-768x1365.png 768w, https:\/\/antamebike.com\/wp-content\/uploads\/2023\/10\/X20T-Pro-Pink-brake-864x1536.png 864w, https:\/\/antamebike.com\/wp-content\/uploads\/2023\/10\/X20T-Pro-Pink-brake-1152x2048.png 1152w, https:\/\/antamebike.com\/wp-content\/uploads\/2023\/10\/X20T-Pro-Pink-brake-600x1067.png 600w, https:\/\/antamebike.com\/wp-content\/uploads\/2023\/10\/X20T-Pro-Pink-brake.png 1440w\" sizes=\"auto, (max-width: 576px) 100vw, 576px\" \/> <img loading=\"lazy\" decoding=\"async\" class=\"alignnone wp-image-2114 size-large\" src=\"https:\/\/antamebike.com\/wp-content\/uploads\/2023\/10\/X20T-Pro-Pink-brake-2-576x1024.png\" alt=\"\" width=\"576\" height=\"1024\" srcset=\"https:\/\/antamebike.com\/wp-content\/uploads\/2023\/10\/X20T-Pro-Pink-brake-2-576x1024.png 576w, https:\/\/antamebike.com\/wp-content\/uploads\/2023\/10\/X20T-Pro-Pink-brake-2-169x300.png 169w, https:\/\/antamebike.com\/wp-content\/uploads\/2023\/10\/X20T-Pro-Pink-brake-2-768x1365.png 768w, https:\/\/antamebike.com\/wp-content\/uploads\/2023\/10\/X20T-Pro-Pink-brake-2-864x1536.png 864w, https:\/\/antamebike.com\/wp-content\/uploads\/2023\/10\/X20T-Pro-Pink-brake-2-1152x2048.png 1152w, https:\/\/antamebike.com\/wp-content\/uploads\/2023\/10\/X20T-Pro-Pink-brake-2-600x1067.png 600w, https:\/\/antamebike.com\/wp-content\/uploads\/2023\/10\/X20T-Pro-Pink-brake-2.png 1440w\" sizes=\"auto, (max-width: 576px) 100vw, 576px\" \/><\/p>\n<p>&nbsp;<\/p>\n<h3>V\u00e8 ch\u1eafn b\u00f9n s\u1eaft<\/h3>\n<p>M\u1eb7c d\u00f9 l\u00e0 trang b\u1ecb \u0111\u01a1n gi\u1ea3n nh\u01b0ng \u0111\u1ed1i v\u1edbi ng\u01b0\u1eddi d\u00f9ng Vi\u1ec7t Nam r\u1ea5t quan tr\u1ecdng, nh\u1ea5t l\u00e0 khi \u0111i xe v\u00e0o m\u00f9a m\u01b0a. Nh\u01b0ng hi\u1ec7n t\u1ea1i \u1edf ph\u00e2n kh\u00fac G\u1ea5p g\u1ecdn 3.0 ch\u1ec9 c\u00f3 X20 pro l\u00e0 chi\u1ebfc xe duy nh\u1ea5t \u0111\u01b0\u1ee3c trang b\u1ecb V\u00e8 Ch\u1eafn b\u00f9n s\u1eaft theo xe, kh\u00f4ng nh\u1eefng th\u1ebf l\u1ea1i \u0111\u01b0\u1ee3c h\u00e3ng s\u01a1n ph\u1ed1i c\u00f9ng v\u1edbi m\u00e0u xe gi\u00fap xe nh\u00ecn sang tr\u1ecdng v\u00e0 thu h\u00fat h\u01a1n r\u1ea5t nhi\u1ec1u.<\/p>\n<p><img loading=\"lazy\" decoding=\"async\" class=\"alignnone wp-image-2115 size-large\" src=\"https:\/\/antamebike.com\/wp-content\/uploads\/2023\/10\/SR-X20-Pro-galaxy-2-1024x1024.png\" alt=\"\" width=\"1024\" height=\"1024\" srcset=\"https:\/\/antamebike.com\/wp-content\/uploads\/2023\/10\/SR-X20-Pro-galaxy-2-1024x1024.png 1024w, https:\/\/antamebike.com\/wp-content\/uploads\/2023\/10\/SR-X20-Pro-galaxy-2-300x300.png 300w, https:\/\/antamebike.com\/wp-content\/uploads\/2023\/10\/SR-X20-Pro-galaxy-2-150x150.png 150w, https:\/\/antamebike.com\/wp-content\/uploads\/2023\/10\/SR-X20-Pro-galaxy-2-768x768.png 768w, https:\/\/antamebike.com\/wp-content\/uploads\/2023\/10\/SR-X20-Pro-galaxy-2-600x600.png 600w, https:\/\/antamebike.com\/wp-content\/uploads\/2023\/10\/SR-X20-Pro-galaxy-2-100x100.png 100w, https:\/\/antamebike.com\/wp-content\/uploads\/2023\/10\/SR-X20-Pro-galaxy-2.png 1080w\" sizes=\"auto, (max-width: 1024px) 100vw, 1024px\" \/><\/p>\n<h3>Tay l\u00e1i (Ghi \u0111\u00f4ng) d\u00e0i l\u00e1i xe tho\u1ea3i m\u00e1i<\/h3>\n<p><img loading=\"lazy\" decoding=\"async\" class=\"alignnone wp-image-2102 size-large\" src=\"https:\/\/antamebike.com\/wp-content\/uploads\/2023\/10\/SR-X20-Pro-3-1024x1024.png\" alt=\"\" width=\"1024\" height=\"1024\" srcset=\"https:\/\/antamebike.com\/wp-content\/uploads\/2023\/10\/SR-X20-Pro-3-1024x1024.png 1024w, https:\/\/antamebike.com\/wp-content\/uploads\/2023\/10\/SR-X20-Pro-3-300x300.png 300w, https:\/\/antamebike.com\/wp-content\/uploads\/2023\/10\/SR-X20-Pro-3-150x150.png 150w, https:\/\/antamebike.com\/wp-content\/uploads\/2023\/10\/SR-X20-Pro-3-768x768.png 768w, https:\/\/antamebike.com\/wp-content\/uploads\/2023\/10\/SR-X20-Pro-3-600x600.png 600w, https:\/\/antamebike.com\/wp-content\/uploads\/2023\/10\/SR-X20-Pro-3-100x100.png 100w, https:\/\/antamebike.com\/wp-content\/uploads\/2023\/10\/SR-X20-Pro-3.png 1080w\" sizes=\"auto, (max-width: 1024px) 100vw, 1024px\" \/><\/p>\n<p>Ghi-\u0111\u00f4ng (tay l\u00e1i) c\u1ee7a X20 pro \u0111\u01b0\u1ee3c n\u00e2ng c\u1ea5p lo\u1ea1i d\u00e0i h\u01a1n so v\u1edbi c\u00e1c \u0111\u1ed1i th\u1ee7 tr\u00ean th\u1ecb tr\u01b0\u1eddng n\u00ean khi l\u00e1i xe tr\u00ean \u0111\u01b0\u1eddng s\u1ebd d\u1ec5 d\u00e0ng v\u00e0 tho\u1ea3i m\u00e1i h\u01a1n kh\u00e1 nhi\u1ec1u.<\/p>\n<p>V\u1edbi nhi\u1ec1u trang b\u1ecb t\u00edch h\u1ee3p cao c\u1ea5p, c\u00f9ng v\u1edbi \u0111\u1ed9ng c\u01a1 250w (Peak 500w), Pin Litium 16Ah v\u00e0 h\u1ec7 th\u1ed1ng gi\u1ea3m shock K\u00e9p \u0111\u00e3 gi\u00fap X20 Pro v\u1eadn h\u00e0nh v\u1eeba m\u01b0\u1ee3t m\u00e0 \u00eam \u00e1i nh\u01b0ng khi c\u1ea7n th\u00ec v\u1eabn t\u0103ng t\u1ed1c r\u1ea5t m\u1ea1nh m\u1ebd v\u00e0 th\u1eddi l\u01b0\u1ee3ng d\u00f9ng \u0111i\u1ec7n v\u1edbi qu\u00e3ng \u0111\u01b0\u1eddng xa h\u00e0ng \u0111\u1ea7u hi\u1ec7n nay .<\/p>\n<p>R\u00f5 r\u00e0ng X20 PRo l\u00e0 chi\u1ebfc xe \u0111\u1ea1p tr\u1ee3 l\u1ef1c \u0111i\u1ec7n G\u1ea5p g\u1ecdn 3.0 cao c\u1ea5p h\u00e0ng \u0111\u1ea7u hi\u1ec7n nay. Chi\u1ebfc xe t\u00edch h\u01a1p nhi\u1ec1u c\u00f4ng ngh\u1ec7 t\u00e2n ti\u1ebfn s\u1ebd mang l\u1ea1i cho b\u1ea1n tr\u1ea3i nghi\u1ec7m h\u00e0i l\u00f2ng d\u00f9 l\u00e0 \u0111\u1ecba h\u00ecnh ph\u1ed1 th\u1ecb hay \u0111\u1ed3i n\u00fai v\u00e0 b\u1ea1n c\u00f3 th\u1ec3 mang \u0111i kh\u1eafp n\u01a1i kh\u00e1 tho\u1ea3i m\u00e1i v\u00ec kh\u1ea3 n\u0103ng G\u1ea5p g\u1ecdn c\u1ee7a n\u00f3.<\/p>\n<p>Mua SR X20 Pro t\u1ea1i Antamebike.com s\u1ebd lu\u00f4n c\u00f3 \u01b0u \u0111\u00e3i v\u00e0 gi\u00e1 t\u1ed1t nh\u1ea5t.<\/p>\n<\/div>\n<div dir=\"auto\"><\/div>\n<\/div>\n","protected":false},"excerpt":{"rendered":"<p>Xe \u0111\u1ea1p tr\u1ee3 l\u1ef1c \u0111i\u1ec7n G\u1ea5p g\u1ecdn 3.0 SR X20 pro: Trang b\u1ecb h\u00e0ng \u0111\u1ea7u m\u00e0 gi\u00e1 l\u1ea1i kh\u00e1 r\u1ea5t nh\u1eb9 nh\u00e0ng<\/p>\n<p><em><strong>CTKM: Gi\u1ea3m ngay 1 Tri\u1ec7u + Combo Qu\u00e0 T\u1eb7ng<\/strong><\/em><\/p>\n<ul>\n<li>L\u1ed1p 20&#215;3.0 th\u1ec3 thao<\/li>\n<li><strong>Pin Litium 36V 16Ah<\/strong> cho tr\u1ee3 l\u1ef1c \u0111i\u1ec7n \u0111\u1ebfn 120Km<\/li>\n<li><strong>V\u1eadn t\u1ed1c \u0111i\u1ec7n 38km\/h<\/strong><\/li>\n<li>Gi\u1ea3m shock k\u00e9p v\u1edbi Phu\u1ed9c nh\u00fang tr\u01b0\u1edbc v\u00e0 gi\u1eefa cao<\/li>\n<li>Baga ch\u00ednh h\u00e3ng cao c\u1ea5p, ch\u1ecbu t\u1ea3i 100kg<\/li>\n<li>M\u00e0n h\u00ecnh tinh th\u1ec3 l\u1ecfng cao c\u1ea5p<\/li>\n<li>\u0110\u00e8n phanh v\u00e0 c\u00f2i \u0111i\u1ec7n t\u00edch h\u1ee3p<\/li>\n<li>2 Phanh \u0111\u0129a, L\u00edp Shimano 7 c\u1ea5p<\/li>\n<li>Ghi-\u0111\u00f4ng (tay l\u00e1i) d\u00e0i gi\u00fap \u0111i\u1ec1u khi\u1ec3n xe kh\u00e1 tho\u1ea3i m\u00e1i<\/li>\n<\/ul>\n","protected":false},"featured_media":2481,"comment_status":"open","ping_status":"closed","template":"","meta":{"site-sidebar-layout":"default","site-content-layout":"default","ast-site-content-layout":"default","site-content-style":"default","site-sidebar-style":"default","ast-global-header-display":"","ast-banner-title-visibility":"","ast-main-header-display":"","ast-hfb-above-header-display":"","ast-hfb-below-header-display":"","ast-hfb-mobile-header-display":"","site-post-title":"","ast-breadcrumbs-content":"","ast-featured-img":"","footer-sml-layout":"","theme-transparent-header-meta":"default","adv-header-id-meta":"","stick-header-meta":"","header-above-stick-meta":"","header-main-stick-meta":"","header-below-stick-meta":"","astra-migrate-meta-layouts":"set","ast-page-background-enabled":"default","ast-page-background-meta":{"desktop":{"background-color":"var(--ast-global-color-4)","background-image":"","background-repeat":"repeat","background-position":"center center","background-size":"auto","background-attachment":"scroll","background-type":"","background-media":"","overlay-type":"","overlay-color":"","overlay-gradient":""},"tablet":{"background-color":"","background-image":"","background-repeat":"repeat","background-position":"center center","background-size":"auto","background-attachment":"scroll","background-type":"","background-media":"","overlay-type":"","overlay-color":"","overlay-gradient":""},"mobile":{"background-color":"","background-image":"","background-repeat":"repeat","background-position":"center center","background-size":"auto","background-attachment":"scroll","background-type":"","background-media":"","overlay-type":"","overlay-color":"","overlay-gradient":""}},"ast-content-background-meta":{"desktop":{"background-color":"var(--ast-global-color-5)","background-image":"","background-repeat":"repeat","background-position":"center center","background-size":"auto","background-attachment":"scroll","background-type":"","background-media":"","overlay-type":"","overlay-color":"","overlay-gradient":""},"tablet":{"background-color":"var(--ast-global-color-5)","background-image":"","background-repeat":"repeat","background-position":"center center","background-size":"auto","background-attachment":"scroll","background-type":"","background-media":"","overlay-type":"","overlay-color":"","overlay-gradient":""},"mobile":{"background-color":"var(--ast-global-color-5)","background-image":"","background-repeat":"repeat","background-position":"center center","background-size":"auto","background-attachment":"scroll","background-type":"","background-media":"","overlay-type":"","overlay-color":"","overlay-gradient":""}}},"product_cat":[197,38,39],"product_tag":[199,126,170],"class_list":{"0":"post-2096","1":"product","2":"type-product","3":"status-publish","4":"has-post-thumbnail","6":"product_cat-xe-dap-dien-sr-ebike","7":"product_cat-xe-dap-gap","8":"product_cat-xe-dap-size-20","9":"product_tag-x20-pro","10":"product_tag-xe-dap-dien-tro-luc","11":"product_tag-xe-dap-tro-luc-dien-gap-gon","12":"desktop-align-left","13":"tablet-align-left","14":"mobile-align-left","15":"ast-product-gallery-layout-horizontal-slider","16":"ast-product-tabs-layout-horizontal","18":"first","19":"instock","20":"sale","21":"shipping-taxable","22":"purchasable","23":"product-type-simple"},"_links":{"self":[{"href":"https:\/\/antamebike.com\/index.php?rest_route=\/wp\/v2\/product\/2096","targetHints":{"allow":["GET"]}}],"collection":[{"href":"https:\/\/antamebike.com\/index.php?rest_route=\/wp\/v2\/product"}],"about":[{"href":"https:\/\/antamebike.com\/index.php?rest_route=\/wp\/v2\/types\/product"}],"replies":[{"embeddable":true,"href":"https:\/\/antamebike.com\/index.php?rest_route=%2Fwp%2Fv2%2Fcomments&post=2096"}],"wp:featuredmedia":[{"embeddable":true,"href":"https:\/\/antamebike.com\/index.php?rest_route=\/wp\/v2\/media\/2481"}],"wp:attachment":[{"href":"https:\/\/antamebike.com\/index.php?rest_route=%2Fwp%2Fv2%2Fmedia&parent=2096"}],"wp:term":[{"taxonomy":"product_cat","embeddable":true,"href":"https:\/\/antamebike.com\/index.php?rest_route=%2Fwp%2Fv2%2Fproduct_cat&post=2096"},{"taxonomy":"product_tag","embeddable":true,"href":"https:\/\/antamebike.com\/index.php?rest_route=%2Fwp%2Fv2%2Fproduct_tag&post=2096"}],"curies":[{"name":"wp","href":"https:\/\/api.w.org\/{rel}","templated":true}]}}