{"id":2415,"date":"2024-03-25T08:27:50","date_gmt":"2024-03-25T08:27:50","guid":{"rendered":"https:\/\/antamebike.com\/?post_type=product&#038;p=2415"},"modified":"2025-02-03T02:24:09","modified_gmt":"2025-02-03T02:24:09","slug":"xe-dap-twitter-leopard-pro-ban-2024","status":"publish","type":"product","link":"https:\/\/antamebike.com\/?product=xe-dap-twitter-leopard-pro-ban-2024","title":{"rendered":"Xe \u0111\u1ea1p Twitter Leopard Pro RS-30S &#8211; B\u1ea3n 2024"},"content":{"rendered":"<h2><strong>Xe \u0111\u1ea1p TWITTER Leopard Pro &#8211; NEW 2024 c\u00f3 g\u00ec m\u1edbi<\/strong><\/h2>\n<p><strong>Twitter Leopard Pro<\/strong>\u00a0l\u00e0 chi\u1ebfc xe \u0111\u1ea1p MTB t\u1ea7m trung c\u1ee7a nh\u00e0 Twitter \u0111\u00e3 r\u1ea5t \u0111\u01b0\u1ee3c \u01b0a chu\u1ed9ng c\u1ee7a ng\u01b0\u1eddi d\u00f9ng trong nh\u1eefng n\u0103m qua v\u1edbi <em><strong>Khung s\u01b0\u1eddn Carbon<\/strong><\/em> v\u00e0 <strong><em>Phu\u1ed9c h\u01a1i<\/em><\/strong> kh\u00e1 cao c\u1ea5p. M\u1ed7i n\u0103m Twitter \u0111\u1ec1u n\u00e2ng c\u1ea5p nh\u1eefng c\u1ea3i ti\u1ebfn \u0111\u1ec3 l\u00e0m cho tr\u1ea3i nghi\u1ec7m c\u1ee7a ng\u01b0\u1eddi d\u00f9ng ng\u00e0y c\u00e0ng \u01b0ng \u00fd h\u01a1n<\/p>\n<p><img loading=\"lazy\" decoding=\"async\" class=\"alignnone size-large wp-image-2501\" src=\"https:\/\/antamebike.com\/wp-content\/uploads\/2024\/03\/DSC03554-1024x683.jpg\" alt=\"\" width=\"1024\" height=\"683\" srcset=\"https:\/\/antamebike.com\/wp-content\/uploads\/2024\/03\/DSC03554-1024x683.jpg 1024w, https:\/\/antamebike.com\/wp-content\/uploads\/2024\/03\/DSC03554-300x200.jpg 300w, https:\/\/antamebike.com\/wp-content\/uploads\/2024\/03\/DSC03554-768x512.jpg 768w, https:\/\/antamebike.com\/wp-content\/uploads\/2024\/03\/DSC03554-1536x1024.jpg 1536w, https:\/\/antamebike.com\/wp-content\/uploads\/2024\/03\/DSC03554-2048x1365.jpg 2048w, https:\/\/antamebike.com\/wp-content\/uploads\/2024\/03\/DSC03554-600x400.jpg 600w\" sizes=\"auto, (max-width: 1024px) 100vw, 1024px\" \/><\/p>\n<p>B\u1ea3n 2024 c\u00f3 g\u00ec h\u1ea5p d\u1eabn?<\/p>\n<div class=\"xdj266r x11i5rnm xat24cr x1mh8g0r x1vvkbs x126k92a\">\n\n<\/div>\n<div dir=\"auto\">\n<div dir=\"auto\">\n<h3 id=\"mcetoc_1gd28fvit5\">B\u1ed9 Groupset Shimano 30 c\u1ea5p<\/h3>\n<p>v\u1edbi vi\u1ec7c n\u00e2ng c\u1ea5p B\u1ed9 <em><strong>Groupset l\u00ean 30 c\u1ea5p<\/strong><\/em> v\u1edbi 3 \u0110\u0129a v\u00e0 10 L\u00edp: s\u1ebd gi\u00fap cho ng\u01b0\u1eddi d\u00f9ng c\u00f3 tr\u1ea3i m\u01b0\u1ee3t m\u00e0 h\u01a1n h\u1eb5n tr\u00ean c\u00e1c cung \u0111\u01b0\u1eddng<\/p>\n<p>&nbsp;<\/p>\n<p>&nbsp;<\/p>\n<p><img loading=\"lazy\" decoding=\"async\" class=\"alignnone size-medium wp-image-2425\" src=\"https:\/\/antamebike.com\/wp-content\/uploads\/2024\/03\/leopard-ghidong-1-300x210.png\" alt=\"\" width=\"300\" height=\"210\" srcset=\"https:\/\/antamebike.com\/wp-content\/uploads\/2024\/03\/leopard-ghidong-1-300x210.png 300w, https:\/\/antamebike.com\/wp-content\/uploads\/2024\/03\/leopard-ghidong-1-1024x717.png 1024w, https:\/\/antamebike.com\/wp-content\/uploads\/2024\/03\/leopard-ghidong-1-768x538.png 768w, https:\/\/antamebike.com\/wp-content\/uploads\/2024\/03\/leopard-ghidong-1-1536x1075.png 1536w, https:\/\/antamebike.com\/wp-content\/uploads\/2024\/03\/leopard-ghidong-1-600x420.png 600w, https:\/\/antamebike.com\/wp-content\/uploads\/2024\/03\/leopard-ghidong-1.png 1600w\" sizes=\"auto, (max-width: 300px) 100vw, 300px\" \/> <img loading=\"lazy\" decoding=\"async\" class=\"alignnone size-medium wp-image-2426\" src=\"https:\/\/antamebike.com\/wp-content\/uploads\/2024\/03\/leopard-grouprset-2-300x200.png\" alt=\"\" width=\"300\" height=\"200\" srcset=\"https:\/\/antamebike.com\/wp-content\/uploads\/2024\/03\/leopard-grouprset-2-300x200.png 300w, https:\/\/antamebike.com\/wp-content\/uploads\/2024\/03\/leopard-grouprset-2-1024x681.png 1024w, https:\/\/antamebike.com\/wp-content\/uploads\/2024\/03\/leopard-grouprset-2-768x511.png 768w, https:\/\/antamebike.com\/wp-content\/uploads\/2024\/03\/leopard-grouprset-2-1536x1021.png 1536w, https:\/\/antamebike.com\/wp-content\/uploads\/2024\/03\/leopard-grouprset-2-600x399.png 600w, https:\/\/antamebike.com\/wp-content\/uploads\/2024\/03\/leopard-grouprset-2.png 1600w\" sizes=\"auto, (max-width: 300px) 100vw, 300px\" \/> <img loading=\"lazy\" decoding=\"async\" class=\"alignnone size-medium wp-image-2427\" src=\"https:\/\/antamebike.com\/wp-content\/uploads\/2024\/03\/leopard-gio-dap-1-300x200.png\" alt=\"\" width=\"300\" height=\"200\" srcset=\"https:\/\/antamebike.com\/wp-content\/uploads\/2024\/03\/leopard-gio-dap-1-300x200.png 300w, https:\/\/antamebike.com\/wp-content\/uploads\/2024\/03\/leopard-gio-dap-1-1024x681.png 1024w, https:\/\/antamebike.com\/wp-content\/uploads\/2024\/03\/leopard-gio-dap-1-768x511.png 768w, https:\/\/antamebike.com\/wp-content\/uploads\/2024\/03\/leopard-gio-dap-1-1536x1021.png 1536w, https:\/\/antamebike.com\/wp-content\/uploads\/2024\/03\/leopard-gio-dap-1-600x399.png 600w, https:\/\/antamebike.com\/wp-content\/uploads\/2024\/03\/leopard-gio-dap-1.png 1600w\" sizes=\"auto, (max-width: 300px) 100vw, 300px\" \/> <img loading=\"lazy\" decoding=\"async\" class=\"alignnone size-medium wp-image-2428\" src=\"https:\/\/antamebike.com\/wp-content\/uploads\/2024\/03\/leopard-lip-3-300x206.png\" alt=\"\" width=\"300\" height=\"206\" srcset=\"https:\/\/antamebike.com\/wp-content\/uploads\/2024\/03\/leopard-lip-3-300x206.png 300w, https:\/\/antamebike.com\/wp-content\/uploads\/2024\/03\/leopard-lip-3-1024x701.png 1024w, https:\/\/antamebike.com\/wp-content\/uploads\/2024\/03\/leopard-lip-3-768x526.png 768w, https:\/\/antamebike.com\/wp-content\/uploads\/2024\/03\/leopard-lip-3-1536x1052.png 1536w, https:\/\/antamebike.com\/wp-content\/uploads\/2024\/03\/leopard-lip-3-600x411.png 600w, https:\/\/antamebike.com\/wp-content\/uploads\/2024\/03\/leopard-lip-3.png 1600w\" sizes=\"auto, (max-width: 300px) 100vw, 300px\" \/><\/p>\n<p><em><strong>Th\u00f4ng s\u1ed1 c\u1ee5 th\u1ec3 Groupset B\u1ea3n 2024:<\/strong><\/em><\/p>\n<\/div>\n<div dir=\"auto\">\n<p>Tay b\u1ea5m x\u1ea3: Retrospec (LTWOO) V5010-3*10S<\/p>\n<p>C\u00f9i \u0111\u1ec1 Tr\u01b0\u1edbc: Retrospec (LTWOO) V5010<\/p>\n<p>C\u00f9i \u0111\u1ec1 Sau: Retrospec (LTWOO) V5010-10S<\/p>\n<p>\u0110\u00f9i \u0111\u0129a: Prowheel, Alu alloy, Hollow, 24-32-42T<\/p>\n<p>L\u00edp: SUGEK-10S, 11-36T<\/p>\n<p>X\u00edch: SUMC-10S<\/p>\n<\/div>\n<h2 dir=\"auto\">Nh\u1eefng trang bi cao c\u1ea5p c\u1ee7a Twitter Leopard Pro<\/h2>\n<h3 dir=\"auto\">Khung s\u01b0\u1eddn Carbon Fiber, d\u00e2y \u00e2m s\u01b0\u1eddn<\/h3>\n<div dir=\"auto\"><\/div>\n<div dir=\"auto\"><img loading=\"lazy\" decoding=\"async\" class=\"alignnone wp-image-2417 size-large\" src=\"https:\/\/antamebike.com\/wp-content\/uploads\/2024\/03\/Leopard-front-1-1024x748.png\" alt=\"\" width=\"1024\" height=\"748\" srcset=\"https:\/\/antamebike.com\/wp-content\/uploads\/2024\/03\/Leopard-front-1-1024x748.png 1024w, https:\/\/antamebike.com\/wp-content\/uploads\/2024\/03\/Leopard-front-1-300x219.png 300w, https:\/\/antamebike.com\/wp-content\/uploads\/2024\/03\/Leopard-front-1-768x561.png 768w, https:\/\/antamebike.com\/wp-content\/uploads\/2024\/03\/Leopard-front-1-1536x1121.png 1536w, https:\/\/antamebike.com\/wp-content\/uploads\/2024\/03\/Leopard-front-1-600x438.png 600w, https:\/\/antamebike.com\/wp-content\/uploads\/2024\/03\/Leopard-front-1.png 1600w\" sizes=\"auto, (max-width: 1024px) 100vw, 1024px\" \/><\/div>\n<\/div>\n<div dir=\"auto\"><\/div>\n<h3 dir=\"auto\">Phu\u1ed9c h\u01a1i c\u00f3 \u0111i\u1ec1u khi\u1ec3n h\u00e0nh tr\u00ecnh tr\u00ean Ghi-\u0111\u00f4ng<\/h3>\n<div dir=\"auto\"><\/div>\n<div dir=\"auto\"><img loading=\"lazy\" decoding=\"async\" class=\"alignnone size-medium wp-image-2429\" src=\"https:\/\/antamebike.com\/wp-content\/uploads\/2024\/03\/leopard-fork-1-300x200.png\" alt=\"\" width=\"300\" height=\"200\" srcset=\"https:\/\/antamebike.com\/wp-content\/uploads\/2024\/03\/leopard-fork-1-300x200.png 300w, https:\/\/antamebike.com\/wp-content\/uploads\/2024\/03\/leopard-fork-1-1024x681.png 1024w, https:\/\/antamebike.com\/wp-content\/uploads\/2024\/03\/leopard-fork-1-768x511.png 768w, https:\/\/antamebike.com\/wp-content\/uploads\/2024\/03\/leopard-fork-1-1536x1021.png 1536w, https:\/\/antamebike.com\/wp-content\/uploads\/2024\/03\/leopard-fork-1-600x399.png 600w, https:\/\/antamebike.com\/wp-content\/uploads\/2024\/03\/leopard-fork-1.png 1600w\" sizes=\"auto, (max-width: 300px) 100vw, 300px\" \/> <img loading=\"lazy\" decoding=\"async\" class=\"alignnone size-medium wp-image-2430\" src=\"https:\/\/antamebike.com\/wp-content\/uploads\/2024\/03\/leopard-fork-2-1-300x200.png\" alt=\"\" width=\"300\" height=\"200\" srcset=\"https:\/\/antamebike.com\/wp-content\/uploads\/2024\/03\/leopard-fork-2-1-300x200.png 300w, https:\/\/antamebike.com\/wp-content\/uploads\/2024\/03\/leopard-fork-2-1-1024x681.png 1024w, https:\/\/antamebike.com\/wp-content\/uploads\/2024\/03\/leopard-fork-2-1-768x511.png 768w, https:\/\/antamebike.com\/wp-content\/uploads\/2024\/03\/leopard-fork-2-1-1536x1021.png 1536w, https:\/\/antamebike.com\/wp-content\/uploads\/2024\/03\/leopard-fork-2-1-600x399.png 600w, https:\/\/antamebike.com\/wp-content\/uploads\/2024\/03\/leopard-fork-2-1.png 1600w\" sizes=\"auto, (max-width: 300px) 100vw, 300px\" \/> <img loading=\"lazy\" decoding=\"async\" class=\"alignnone size-medium wp-image-2431\" src=\"https:\/\/antamebike.com\/wp-content\/uploads\/2024\/03\/leopard-fork-3-300x200.png\" alt=\"\" width=\"300\" height=\"200\" srcset=\"https:\/\/antamebike.com\/wp-content\/uploads\/2024\/03\/leopard-fork-3-300x200.png 300w, https:\/\/antamebike.com\/wp-content\/uploads\/2024\/03\/leopard-fork-3-1024x681.png 1024w, https:\/\/antamebike.com\/wp-content\/uploads\/2024\/03\/leopard-fork-3-768x511.png 768w, https:\/\/antamebike.com\/wp-content\/uploads\/2024\/03\/leopard-fork-3-1536x1021.png 1536w, https:\/\/antamebike.com\/wp-content\/uploads\/2024\/03\/leopard-fork-3-600x399.png 600w, https:\/\/antamebike.com\/wp-content\/uploads\/2024\/03\/leopard-fork-3.png 1600w\" sizes=\"auto, (max-width: 300px) 100vw, 300px\" \/> <img loading=\"lazy\" decoding=\"async\" class=\"alignnone size-medium wp-image-2432\" src=\"https:\/\/antamebike.com\/wp-content\/uploads\/2024\/03\/leopard-fork-5-300x207.png\" alt=\"\" width=\"300\" height=\"207\" srcset=\"https:\/\/antamebike.com\/wp-content\/uploads\/2024\/03\/leopard-fork-5-300x207.png 300w, https:\/\/antamebike.com\/wp-content\/uploads\/2024\/03\/leopard-fork-5-1024x707.png 1024w, https:\/\/antamebike.com\/wp-content\/uploads\/2024\/03\/leopard-fork-5-768x530.png 768w, https:\/\/antamebike.com\/wp-content\/uploads\/2024\/03\/leopard-fork-5-1536x1060.png 1536w, https:\/\/antamebike.com\/wp-content\/uploads\/2024\/03\/leopard-fork-5-600x414.png 600w, https:\/\/antamebike.com\/wp-content\/uploads\/2024\/03\/leopard-fork-5.png 1600w\" sizes=\"auto, (max-width: 300px) 100vw, 300px\" \/><\/div>\n<div dir=\"auto\"><\/div>\n<div dir=\"auto\">\n<div dir=\"auto\">\n<h3 id=\"mcetoc_1gd28fvit5\">Phanh \u0111\u0129a thu\u1ef7 l\u1ef1c (D\u1ea7u) tr\u01b0\u1edbc v\u00e0 sau<\/h3>\n<\/div>\n<div dir=\"auto\"><\/div>\n<div dir=\"auto\"><img loading=\"lazy\" decoding=\"async\" class=\"alignnone size-medium wp-image-2433\" src=\"https:\/\/antamebike.com\/wp-content\/uploads\/2024\/03\/leopard-brake-1-300x200.png\" alt=\"\" width=\"300\" height=\"200\" srcset=\"https:\/\/antamebike.com\/wp-content\/uploads\/2024\/03\/leopard-brake-1-300x200.png 300w, https:\/\/antamebike.com\/wp-content\/uploads\/2024\/03\/leopard-brake-1-1024x681.png 1024w, https:\/\/antamebike.com\/wp-content\/uploads\/2024\/03\/leopard-brake-1-768x511.png 768w, https:\/\/antamebike.com\/wp-content\/uploads\/2024\/03\/leopard-brake-1-1536x1021.png 1536w, https:\/\/antamebike.com\/wp-content\/uploads\/2024\/03\/leopard-brake-1-600x399.png 600w, https:\/\/antamebike.com\/wp-content\/uploads\/2024\/03\/leopard-brake-1.png 1600w\" sizes=\"auto, (max-width: 300px) 100vw, 300px\" \/> <img loading=\"lazy\" decoding=\"async\" class=\"alignnone size-medium wp-image-2434\" src=\"https:\/\/antamebike.com\/wp-content\/uploads\/2024\/03\/leopard-brake-2-300x197.png\" alt=\"\" width=\"300\" height=\"197\" srcset=\"https:\/\/antamebike.com\/wp-content\/uploads\/2024\/03\/leopard-brake-2-300x197.png 300w, https:\/\/antamebike.com\/wp-content\/uploads\/2024\/03\/leopard-brake-2-1024x674.png 1024w, https:\/\/antamebike.com\/wp-content\/uploads\/2024\/03\/leopard-brake-2-768x506.png 768w, https:\/\/antamebike.com\/wp-content\/uploads\/2024\/03\/leopard-brake-2-1536x1011.png 1536w, https:\/\/antamebike.com\/wp-content\/uploads\/2024\/03\/leopard-brake-2-600x395.png 600w, https:\/\/antamebike.com\/wp-content\/uploads\/2024\/03\/leopard-brake-2.png 1592w\" sizes=\"auto, (max-width: 300px) 100vw, 300px\" \/> <img loading=\"lazy\" decoding=\"async\" class=\"alignnone size-medium wp-image-2435\" src=\"https:\/\/antamebike.com\/wp-content\/uploads\/2024\/03\/leopard-brake-7-300x200.png\" alt=\"\" width=\"300\" height=\"200\" srcset=\"https:\/\/antamebike.com\/wp-content\/uploads\/2024\/03\/leopard-brake-7-300x200.png 300w, https:\/\/antamebike.com\/wp-content\/uploads\/2024\/03\/leopard-brake-7-1024x681.png 1024w, https:\/\/antamebike.com\/wp-content\/uploads\/2024\/03\/leopard-brake-7-768x511.png 768w, https:\/\/antamebike.com\/wp-content\/uploads\/2024\/03\/leopard-brake-7-1536x1021.png 1536w, https:\/\/antamebike.com\/wp-content\/uploads\/2024\/03\/leopard-brake-7-600x399.png 600w, https:\/\/antamebike.com\/wp-content\/uploads\/2024\/03\/leopard-brake-7.png 1600w\" sizes=\"auto, (max-width: 300px) 100vw, 300px\" \/> <img loading=\"lazy\" decoding=\"async\" class=\"alignnone size-medium wp-image-2436\" src=\"https:\/\/antamebike.com\/wp-content\/uploads\/2024\/03\/leopard-brake-6-300x200.png\" alt=\"\" width=\"300\" height=\"200\" srcset=\"https:\/\/antamebike.com\/wp-content\/uploads\/2024\/03\/leopard-brake-6-300x200.png 300w, https:\/\/antamebike.com\/wp-content\/uploads\/2024\/03\/leopard-brake-6-1024x681.png 1024w, https:\/\/antamebike.com\/wp-content\/uploads\/2024\/03\/leopard-brake-6-768x511.png 768w, https:\/\/antamebike.com\/wp-content\/uploads\/2024\/03\/leopard-brake-6-1536x1021.png 1536w, https:\/\/antamebike.com\/wp-content\/uploads\/2024\/03\/leopard-brake-6-600x399.png 600w, https:\/\/antamebike.com\/wp-content\/uploads\/2024\/03\/leopard-brake-6.png 1600w\" sizes=\"auto, (max-width: 300px) 100vw, 300px\" \/><\/div>\n<div dir=\"auto\"><\/div>\n<\/div>\n<h3 dir=\"auto\">\u0110\u00f9m Retrospec<\/h3>\n<div dir=\"auto\"><\/div>\n<div dir=\"auto\"><img loading=\"lazy\" decoding=\"async\" class=\"alignnone size-medium wp-image-2437\" src=\"https:\/\/antamebike.com\/wp-content\/uploads\/2024\/03\/leopard-dum-1-1-300x200.png\" alt=\"\" width=\"300\" height=\"200\" srcset=\"https:\/\/antamebike.com\/wp-content\/uploads\/2024\/03\/leopard-dum-1-1-300x200.png 300w, https:\/\/antamebike.com\/wp-content\/uploads\/2024\/03\/leopard-dum-1-1-1024x681.png 1024w, https:\/\/antamebike.com\/wp-content\/uploads\/2024\/03\/leopard-dum-1-1-768x511.png 768w, https:\/\/antamebike.com\/wp-content\/uploads\/2024\/03\/leopard-dum-1-1-1536x1021.png 1536w, https:\/\/antamebike.com\/wp-content\/uploads\/2024\/03\/leopard-dum-1-1-600x399.png 600w, https:\/\/antamebike.com\/wp-content\/uploads\/2024\/03\/leopard-dum-1-1.png 1600w\" sizes=\"auto, (max-width: 300px) 100vw, 300px\" \/> <img loading=\"lazy\" decoding=\"async\" class=\"alignnone size-medium wp-image-2438\" src=\"https:\/\/antamebike.com\/wp-content\/uploads\/2024\/03\/leopard-dum-2-300x195.png\" alt=\"\" width=\"300\" height=\"195\" srcset=\"https:\/\/antamebike.com\/wp-content\/uploads\/2024\/03\/leopard-dum-2-300x195.png 300w, https:\/\/antamebike.com\/wp-content\/uploads\/2024\/03\/leopard-dum-2-1024x666.png 1024w, https:\/\/antamebike.com\/wp-content\/uploads\/2024\/03\/leopard-dum-2-768x499.png 768w, https:\/\/antamebike.com\/wp-content\/uploads\/2024\/03\/leopard-dum-2-1536x998.png 1536w, https:\/\/antamebike.com\/wp-content\/uploads\/2024\/03\/leopard-dum-2-600x390.png 600w, https:\/\/antamebike.com\/wp-content\/uploads\/2024\/03\/leopard-dum-2.png 1600w\" sizes=\"auto, (max-width: 300px) 100vw, 300px\" \/><\/div>\n<div dir=\"auto\"><\/div>\n<p>T\u00f3m l\u1ea1i, n\u1ebfu b\u1ea1n \u0111ang t\u00ecm 1 chi\u1ebfc xe \u0111\u1ea1p MTB nh\u1eb9 v\u1edbi <strong>Khung carbon<\/strong> v\u00e0 nhi\u1ec1u trang b\u1ecb cao c\u1ea5p \u0111\u1ec3 chinh ph\u1ee5c c\u00e1c cung \u0111\u01b0\u1eddng kh\u00f3 1 c\u00e1ch \u00eam \u00e1i th\u00ec <strong>Twitter Leopard Pro<\/strong> l\u00e0 m\u1ed9t s\u1ef1 l\u1ef1a ch\u1ecdn \u0111\u00e1ng gi\u00e1<\/p>\n<p><img loading=\"lazy\" decoding=\"async\" class=\"alignnone size-large wp-image-2502\" src=\"https:\/\/antamebike.com\/wp-content\/uploads\/2024\/03\/DSC03566-1024x683.jpg\" alt=\"\" width=\"1024\" height=\"683\" srcset=\"https:\/\/antamebike.com\/wp-content\/uploads\/2024\/03\/DSC03566-1024x683.jpg 1024w, https:\/\/antamebike.com\/wp-content\/uploads\/2024\/03\/DSC03566-300x200.jpg 300w, https:\/\/antamebike.com\/wp-content\/uploads\/2024\/03\/DSC03566-768x512.jpg 768w, https:\/\/antamebike.com\/wp-content\/uploads\/2024\/03\/DSC03566-1536x1024.jpg 1536w, https:\/\/antamebike.com\/wp-content\/uploads\/2024\/03\/DSC03566-2048x1365.jpg 2048w, https:\/\/antamebike.com\/wp-content\/uploads\/2024\/03\/DSC03566-600x400.jpg 600w\" sizes=\"auto, (max-width: 1024px) 100vw, 1024px\" \/><\/p>\n<p>Ch\u1ea5t l\u01b0\u1ee3ng ho\u00e0n thi\u1ec7n s\u1eafc n\u00e9t c\u1ee7a Twitter c\u00f9ng v\u1edbi <strong>Gi\u00e1 b\u00e1n qu\u00e1 h\u1ee3p l\u00fd<\/strong> th\u00ec c\u00e0ng cho <strong>Twitter Leopard Pro<\/strong> c\u00e0ng th\u00eam c\u00f3 nhi\u1ec1u Fans xe \u0111\u1ea1p y\u00ean m\u1ebfn.<\/p>\n<p>Li\u00ean h\u1ec7 Antamebike.com lu\u00f4n c\u00f3 m\u1ee9c gi\u00e1 v\u00e0 khuy\u1ebfn m\u00e3i t\u1ed1t nh\u1ea5t cho <em><strong>Twitter Leopard Pro 2024<\/strong><\/em>.<\/p>\n<p>Hotline t\u01b0 v\u1ea5n: <strong>077 802.3388 <\/strong><\/p>\n","protected":false},"excerpt":{"rendered":"<p><strong>Twitter Leopard Pro RS-30 2024<\/strong><\/p>\n<ul>\n<li><strong>Khung Carbon Fiber<\/strong>: 17&#8243;<\/li>\n<li><strong>Phanh \u0111\u0129a Thu\u1ef7 l\u1ef1c<\/strong> MT200<\/li>\n<li>B\u1ed9 Groupset Retrospec V5010-3*10S: <strong>30 c\u1ea5p<\/strong><\/li>\n<li>Tr\u1ecdng l\u01b0\u1ee3ng: ch\u1ec9 12.3 kg<\/li>\n<li><strong>Gi\u1ea3m s\u1ed1c Phu\u1ed9c H\u01a1i<\/strong> v\u1edbi \u0110i\u1ec1u khi\u1ec3n H\u00e0nh tr\u00ecnh tr\u00ean Ghi-\u0111\u00f4ng<\/li>\n<li><strong>L\u1ed1p:<\/strong> Inova Pro 27.5 x 2.25<\/li>\n<\/ul>\n","protected":false},"featured_media":2919,"comment_status":"open","ping_status":"closed","template":"","meta":{"site-sidebar-layout":"default","site-content-layout":"default","ast-site-content-layout":"default","site-content-style":"default","site-sidebar-style":"default","ast-global-header-display":"","ast-banner-title-visibility":"","ast-main-header-display":"","ast-hfb-above-header-display":"","ast-hfb-below-header-display":"","ast-hfb-mobile-header-display":"","site-post-title":"","ast-breadcrumbs-content":"","ast-featured-img":"","footer-sml-layout":"","theme-transparent-header-meta":"default","adv-header-id-meta":"","stick-header-meta":"","header-above-stick-meta":"","header-main-stick-meta":"","header-below-stick-meta":"","astra-migrate-meta-layouts":"set","ast-page-background-enabled":"default","ast-page-background-meta":{"desktop":{"background-color":"var(--ast-global-color-4)","background-image":"","background-repeat":"repeat","background-position":"center center","background-size":"auto","background-attachment":"scroll","background-type":"","background-media":"","overlay-type":"","overlay-color":"","overlay-gradient":""},"tablet":{"background-color":"","background-image":"","background-repeat":"repeat","background-position":"center center","background-size":"auto","background-attachment":"scroll","background-type":"","background-media":"","overlay-type":"","overlay-color":"","overlay-gradient":""},"mobile":{"background-color":"","background-image":"","background-repeat":"repeat","background-position":"center center","background-size":"auto","background-attachment":"scroll","background-type":"","background-media":"","overlay-type":"","overlay-color":"","overlay-gradient":""}},"ast-content-background-meta":{"desktop":{"background-color":"var(--ast-global-color-5)","background-image":"","background-repeat":"repeat","background-position":"center center","background-size":"auto","background-attachment":"scroll","background-type":"","background-media":"","overlay-type":"","overlay-color":"","overlay-gradient":""},"tablet":{"background-color":"var(--ast-global-color-5)","background-image":"","background-repeat":"repeat","background-position":"center center","background-size":"auto","background-attachment":"scroll","background-type":"","background-media":"","overlay-type":"","overlay-color":"","overlay-gradient":""},"mobile":{"background-color":"var(--ast-global-color-5)","background-image":"","background-repeat":"repeat","background-position":"center center","background-size":"auto","background-attachment":"scroll","background-type":"","background-media":"","overlay-type":"","overlay-color":"","overlay-gradient":""}}},"product_cat":[111,49,50,40,208],"product_tag":[214,212],"class_list":{"0":"post-2415","1":"product","2":"type-product","3":"status-publish","4":"has-post-thumbnail","6":"product_cat-gia-tot","7":"product_cat-san-pham-hot","8":"product_cat-san-pham-moi","9":"product_cat-xe-dap-size-26","10":"product_cat-xe-dap-twitter","11":"product_tag-twitter-leopard","12":"product_tag-xe-dap-twitter","13":"desktop-align-left","14":"tablet-align-left","15":"mobile-align-left","16":"ast-product-gallery-layout-horizontal-slider","17":"ast-product-tabs-layout-horizontal","19":"first","20":"instock","21":"sale","22":"shipping-taxable","23":"purchasable","24":"product-type-simple"},"_links":{"self":[{"href":"https:\/\/antamebike.com\/index.php?rest_route=\/wp\/v2\/product\/2415","targetHints":{"allow":["GET"]}}],"collection":[{"href":"https:\/\/antamebike.com\/index.php?rest_route=\/wp\/v2\/product"}],"about":[{"href":"https:\/\/antamebike.com\/index.php?rest_route=\/wp\/v2\/types\/product"}],"replies":[{"embeddable":true,"href":"https:\/\/antamebike.com\/index.php?rest_route=%2Fwp%2Fv2%2Fcomments&post=2415"}],"wp:featuredmedia":[{"embeddable":true,"href":"https:\/\/antamebike.com\/index.php?rest_route=\/wp\/v2\/media\/2919"}],"wp:attachment":[{"href":"https:\/\/antamebike.com\/index.php?rest_route=%2Fwp%2Fv2%2Fmedia&parent=2415"}],"wp:term":[{"taxonomy":"product_cat","embeddable":true,"href":"https:\/\/antamebike.com\/index.php?rest_route=%2Fwp%2Fv2%2Fproduct_cat&post=2415"},{"taxonomy":"product_tag","embeddable":true,"href":"https:\/\/antamebike.com\/index.php?rest_route=%2Fwp%2Fv2%2Fproduct_tag&post=2415"}],"curies":[{"name":"wp","href":"https:\/\/api.w.org\/{rel}","templated":true}]}}