{"id":2864,"date":"2024-11-30T03:35:13","date_gmt":"2024-11-30T03:35:13","guid":{"rendered":"https:\/\/antamebike.com\/?post_type=product&#038;p=2864"},"modified":"2025-09-07T14:14:17","modified_gmt":"2025-09-07T14:14:17","slug":"xe-dap-twitter-stealth-pro-tay-ngang","status":"publish","type":"product","link":"https:\/\/antamebike.com\/?product=xe-dap-twitter-stealth-pro-tay-ngang","title":{"rendered":"Xe \u0111\u1ea1p TWITTER Stealth Pro &#8211; Tay ngang"},"content":{"rendered":"<h1>Xe \u0111\u1ea1p Touring TWITTER Stealth Pro \u2013 B\u1ea3n m\u1edbi nh\u1ea5t<\/h1>\n<p>Ph\u1ea3i n\u00f3i n\u0103m nay Twitter \u0111\u00e3 n\u00e2ng c\u1ea5p cho <strong>Stealth Pro Touring<\/strong> l\u00ean c\u1ea5u h\u00ecnh qu\u00e1 x\u1ecbn m\u00e0 l\u1ea1i cho ra m\u1ee9c gi\u00e1 c\u0169ng l\u1ea1i v\u00f4 c\u00f9ng h\u1ea5p d\u1eabn.<\/p>\n<p><img loading=\"lazy\" decoding=\"async\" class=\"alignnone wp-image-2930 size-large\" src=\"https:\/\/antamebike.com\/wp-content\/uploads\/2024\/11\/Twitter-Stealth-Large-1024x1024.jpeg\" alt=\"\" width=\"1024\" height=\"1024\" srcset=\"https:\/\/antamebike.com\/wp-content\/uploads\/2024\/11\/Twitter-Stealth-Large-1024x1024.jpeg 1024w, https:\/\/antamebike.com\/wp-content\/uploads\/2024\/11\/Twitter-Stealth-Large-300x300.jpeg 300w, https:\/\/antamebike.com\/wp-content\/uploads\/2024\/11\/Twitter-Stealth-Large-150x150.jpeg 150w, https:\/\/antamebike.com\/wp-content\/uploads\/2024\/11\/Twitter-Stealth-Large-768x768.jpeg 768w, https:\/\/antamebike.com\/wp-content\/uploads\/2024\/11\/Twitter-Stealth-Large-600x600.jpeg 600w, https:\/\/antamebike.com\/wp-content\/uploads\/2024\/11\/Twitter-Stealth-Large-100x100.jpeg 100w, https:\/\/antamebike.com\/wp-content\/uploads\/2024\/11\/Twitter-Stealth-Large.jpeg 1280w\" sizes=\"auto, (max-width: 1024px) 100vw, 1024px\" \/><\/p>\n<p>&nbsp;<\/p>\n<h2>Th\u00f4ng s\u1ed1 chi ti\u1ebft:<\/h2>\n<ul>\n<li>Khung: Carbon \u2013 thi\u1ebft k\u1ebf kh\u00ed \u0111\u1ed9ng h\u1ecdc<\/li>\n<li>C\u00e0ng: Carbon<\/li>\n<li>B\u1ed9 phanh: C\u1ee5m phanh d\u1ea7u IIIPRO<\/li>\n<li>Tay \u0111\u1ec1: Retrospec<\/li>\n<li>Groupset Retrospec RS 2*12: 24 c\u1ea5p<\/li>\n<li>G\u1ea1t \u0111\u0129a: Retrospec<\/li>\n<li>C\u1ee7 \u0111\u1ec1: B\u1ecdc Carbon Retrospec<\/li>\n<li>\u0110\u00f9i \u0111\u0129a: Tr\u1ee5c r\u1ed7ng DRA Retrospec 34\/50T<\/li>\n<li>L\u00edp: Sugek 12 t\u1ea7ng m\u1ea1 Titan<\/li>\n<li>V\u00e0nh: Retrospec 700*25C<\/li>\n<li>Moay \u01a1\/Hub: Nh\u00f4m Retrospec si\u00eau tr\u1edbn, c\u1ed1i n\u1ed5 si\u00eau \u0111anh<\/li>\n<\/ul>\n<h3>Khung, C\u00e0ng \u2013 Carbon<\/h3>\n<div><img loading=\"lazy\" decoding=\"async\" class=\"alignnone wp-image-2867 size-large\" src=\"https:\/\/antamebike.com\/wp-content\/uploads\/2024\/11\/465929219_529165160028787_6588784951658317554_n-810x1024.jpg\" alt=\"\" width=\"810\" height=\"1024\" srcset=\"https:\/\/antamebike.com\/wp-content\/uploads\/2024\/11\/465929219_529165160028787_6588784951658317554_n-810x1024.jpg 810w, https:\/\/antamebike.com\/wp-content\/uploads\/2024\/11\/465929219_529165160028787_6588784951658317554_n-237x300.jpg 237w, https:\/\/antamebike.com\/wp-content\/uploads\/2024\/11\/465929219_529165160028787_6588784951658317554_n-768x972.jpg 768w, https:\/\/antamebike.com\/wp-content\/uploads\/2024\/11\/465929219_529165160028787_6588784951658317554_n-1214x1536.jpg 1214w, https:\/\/antamebike.com\/wp-content\/uploads\/2024\/11\/465929219_529165160028787_6588784951658317554_n-600x759.jpg 600w, https:\/\/antamebike.com\/wp-content\/uploads\/2024\/11\/465929219_529165160028787_6588784951658317554_n.jpg 1619w\" sizes=\"auto, (max-width: 810px) 100vw, 810px\" \/><\/div>\n<div><\/div>\n<h3>Phanh D\u1ea7u \u2013 Thu\u1ef7 l\u1ef1c IIIPro<\/h3>\n<div><\/div>\n<div><img loading=\"lazy\" decoding=\"async\" class=\"alignnone size-medium wp-image-2871\" src=\"https:\/\/antamebike.com\/wp-content\/uploads\/2024\/11\/465968164_529166370028666_5532647598232671934_n-245x300.jpg\" alt=\"\" width=\"245\" height=\"300\" srcset=\"https:\/\/antamebike.com\/wp-content\/uploads\/2024\/11\/465968164_529166370028666_5532647598232671934_n-245x300.jpg 245w, https:\/\/antamebike.com\/wp-content\/uploads\/2024\/11\/465968164_529166370028666_5532647598232671934_n-836x1024.jpg 836w, https:\/\/antamebike.com\/wp-content\/uploads\/2024\/11\/465968164_529166370028666_5532647598232671934_n-768x941.jpg 768w, https:\/\/antamebike.com\/wp-content\/uploads\/2024\/11\/465968164_529166370028666_5532647598232671934_n-1253x1536.jpg 1253w, https:\/\/antamebike.com\/wp-content\/uploads\/2024\/11\/465968164_529166370028666_5532647598232671934_n-600x735.jpg 600w, https:\/\/antamebike.com\/wp-content\/uploads\/2024\/11\/465968164_529166370028666_5532647598232671934_n.jpg 1671w\" sizes=\"auto, (max-width: 245px) 100vw, 245px\" \/> <img loading=\"lazy\" decoding=\"async\" class=\"alignnone size-medium wp-image-2870\" src=\"https:\/\/antamebike.com\/wp-content\/uploads\/2024\/11\/465966932_529166436695326_813528547506621257_n-231x300.jpg\" alt=\"\" width=\"231\" height=\"300\" srcset=\"https:\/\/antamebike.com\/wp-content\/uploads\/2024\/11\/465966932_529166436695326_813528547506621257_n-231x300.jpg 231w, https:\/\/antamebike.com\/wp-content\/uploads\/2024\/11\/465966932_529166436695326_813528547506621257_n-788x1024.jpg 788w, https:\/\/antamebike.com\/wp-content\/uploads\/2024\/11\/465966932_529166436695326_813528547506621257_n-768x999.jpg 768w, https:\/\/antamebike.com\/wp-content\/uploads\/2024\/11\/465966932_529166436695326_813528547506621257_n-1181x1536.jpg 1181w, https:\/\/antamebike.com\/wp-content\/uploads\/2024\/11\/465966932_529166436695326_813528547506621257_n-600x780.jpg 600w, https:\/\/antamebike.com\/wp-content\/uploads\/2024\/11\/465966932_529166436695326_813528547506621257_n.jpg 1575w\" sizes=\"auto, (max-width: 231px) 100vw, 231px\" \/><\/div>\n<h3><\/h3>\n<h3>Groupset Retrospec 2 \u0110\u0129a v\u00e0 12 L\u00edp<\/h3>\n<div><\/div>\n<div><img loading=\"lazy\" decoding=\"async\" class=\"alignnone size-medium wp-image-2869\" src=\"https:\/\/antamebike.com\/wp-content\/uploads\/2024\/11\/465894480_529166123362024_8120023361215739432_n-220x300.jpg\" alt=\"\" width=\"220\" height=\"300\" srcset=\"https:\/\/antamebike.com\/wp-content\/uploads\/2024\/11\/465894480_529166123362024_8120023361215739432_n-220x300.jpg 220w, https:\/\/antamebike.com\/wp-content\/uploads\/2024\/11\/465894480_529166123362024_8120023361215739432_n-750x1024.jpg 750w, https:\/\/antamebike.com\/wp-content\/uploads\/2024\/11\/465894480_529166123362024_8120023361215739432_n-768x1049.jpg 768w, https:\/\/antamebike.com\/wp-content\/uploads\/2024\/11\/465894480_529166123362024_8120023361215739432_n-1124x1536.jpg 1124w, https:\/\/antamebike.com\/wp-content\/uploads\/2024\/11\/465894480_529166123362024_8120023361215739432_n-600x820.jpg 600w, https:\/\/antamebike.com\/wp-content\/uploads\/2024\/11\/465894480_529166123362024_8120023361215739432_n.jpg 1499w\" sizes=\"auto, (max-width: 220px) 100vw, 220px\" \/> <img loading=\"lazy\" decoding=\"async\" class=\"alignnone size-medium wp-image-2868\" src=\"https:\/\/antamebike.com\/wp-content\/uploads\/2024\/11\/465914908_529165936695376_3126143166350574172_n-242x300.jpg\" alt=\"\" width=\"242\" height=\"300\" srcset=\"https:\/\/antamebike.com\/wp-content\/uploads\/2024\/11\/465914908_529165936695376_3126143166350574172_n-242x300.jpg 242w, https:\/\/antamebike.com\/wp-content\/uploads\/2024\/11\/465914908_529165936695376_3126143166350574172_n-825x1024.jpg 825w, https:\/\/antamebike.com\/wp-content\/uploads\/2024\/11\/465914908_529165936695376_3126143166350574172_n-768x953.jpg 768w, https:\/\/antamebike.com\/wp-content\/uploads\/2024\/11\/465914908_529165936695376_3126143166350574172_n-1238x1536.jpg 1238w, https:\/\/antamebike.com\/wp-content\/uploads\/2024\/11\/465914908_529165936695376_3126143166350574172_n-600x745.jpg 600w, https:\/\/antamebike.com\/wp-content\/uploads\/2024\/11\/465914908_529165936695376_3126143166350574172_n.jpg 1650w\" sizes=\"auto, (max-width: 242px) 100vw, 242px\" \/><\/div>\n<div><\/div>\n<div>V\u1edbi 1 chi\u1ebfc xe \u0111\u1ea1p Touring Carbon v\u00e0 \u0111\u01b0\u1ee3c trang b\u1ecb c\u1ea5u h\u00ecnh cao c\u1ea5p nh\u01b0 v\u1eady m\u00e0 cho ra 1 m\u1ee9c gi\u00e1 v\u00f4 c\u00f9ng \u1ea5n t\u01b0\u1ee3ng th\u00ec <strong>Stealth Pro \u2013 Tay Ngang<\/strong> d\u1ef1 ki\u1ec7n l\u00e0 chi\u1ebfc xe Touring s\u1ebd r\u1ea5t Hot trong th\u1eddi gian s\u1eafp t\u1edbi.<\/div>\n<div><img loading=\"lazy\" decoding=\"async\" class=\"alignnone size-large wp-image-2929\" src=\"https:\/\/antamebike.com\/wp-content\/uploads\/2024\/11\/Twitter-Stealth-tay-ngang-1024x1024.png\" alt=\"\" width=\"1024\" height=\"1024\" srcset=\"https:\/\/antamebike.com\/wp-content\/uploads\/2024\/11\/Twitter-Stealth-tay-ngang-1024x1024.png 1024w, https:\/\/antamebike.com\/wp-content\/uploads\/2024\/11\/Twitter-Stealth-tay-ngang-300x300.png 300w, https:\/\/antamebike.com\/wp-content\/uploads\/2024\/11\/Twitter-Stealth-tay-ngang-150x150.png 150w, https:\/\/antamebike.com\/wp-content\/uploads\/2024\/11\/Twitter-Stealth-tay-ngang-768x768.png 768w, https:\/\/antamebike.com\/wp-content\/uploads\/2024\/11\/Twitter-Stealth-tay-ngang-600x600.png 600w, https:\/\/antamebike.com\/wp-content\/uploads\/2024\/11\/Twitter-Stealth-tay-ngang-100x100.png 100w, https:\/\/antamebike.com\/wp-content\/uploads\/2024\/11\/Twitter-Stealth-tay-ngang.png 1080w\" sizes=\"auto, (max-width: 1024px) 100vw, 1024px\" \/><\/div>\n<p>N\u1ebfu b\u1ea1n \u0111ang t\u00ecm ki\u1ebfm 1 chi\u1ebfc xe \u0111\u1ea1p Touring nh\u01b0 <strong>TWITTER Stealth Pro<\/strong> th\u00ec li\u00ean h\u1ec7 ngay An T\u00e2m E-Bike \u0111\u1ec3 nh\u1eadn \u0111\u01b0\u1ee3c \u01b0u \u0111\u00e3i v\u00e0 m\u1ee9c gi\u00e1 c\u1ef1c t\u1ed1t nh\u00e9<\/p>\n<p>LH 077 802.3388<\/p>\n","protected":false},"excerpt":{"rendered":"<p>Twitter Stealth Pro \u2013 Tay ngang: anh cho c\u00e1c anh th\u00edch Touring<\/p>\n<ul>\n<li><strong>Khung, C\u00e0ng: Carbon Nano si\u00eau nh\u1eb9<\/strong><\/li>\n<li>Ghi-\u0111\u00f4ng, P\u00f4-t\u0103ng: <b>Nh\u00f4m<\/b>\u00a0nguy\u00ean kh\u1ed1i<\/li>\n<li>C\u1ecdc y\u00ean: <strong>Carbon<\/strong><\/li>\n<li><strong>Phanh \u0111\u0129a D\u1ea7u:<\/strong> IIIPro (Thu\u1ef7 l\u1ef1c)<\/li>\n<li>B\u1ed9 Groupset Retrospec: RS 2*11 \u2013 <strong>24 c\u1ea5p<\/strong><\/li>\n<li>Tr\u1ecdng l\u01b0\u1ee3ng: 9 kg<\/li>\n<li>\u00a0Moayo (Hub): Nh\u00f4m CNC, si\u00eau tr\u1edbn. C\u1ed1i n\u1ed5 to<\/li>\n<li><strong>L\u1ed1p: <\/strong>INNOVA-PRO, Black, 700*25C, Black<\/li>\n<\/ul>\n","protected":false},"featured_media":2929,"comment_status":"open","ping_status":"closed","template":"","meta":{"site-sidebar-layout":"default","site-content-layout":"","ast-site-content-layout":"default","site-content-style":"default","site-sidebar-style":"default","ast-global-header-display":"","ast-banner-title-visibility":"","ast-main-header-display":"","ast-hfb-above-header-display":"","ast-hfb-below-header-display":"","ast-hfb-mobile-header-display":"","site-post-title":"","ast-breadcrumbs-content":"","ast-featured-img":"","footer-sml-layout":"","theme-transparent-header-meta":"default","adv-header-id-meta":"","stick-header-meta":"","header-above-stick-meta":"","header-main-stick-meta":"","header-below-stick-meta":"","astra-migrate-meta-layouts":"set","ast-page-background-enabled":"default","ast-page-background-meta":{"desktop":{"background-color":"var(--ast-global-color-4)","background-image":"","background-repeat":"repeat","background-position":"center center","background-size":"auto","background-attachment":"scroll","background-type":"","background-media":"","overlay-type":"","overlay-color":"","overlay-gradient":""},"tablet":{"background-color":"","background-image":"","background-repeat":"repeat","background-position":"center center","background-size":"auto","background-attachment":"scroll","background-type":"","background-media":"","overlay-type":"","overlay-color":"","overlay-gradient":""},"mobile":{"background-color":"","background-image":"","background-repeat":"repeat","background-position":"center center","background-size":"auto","background-attachment":"scroll","background-type":"","background-media":"","overlay-type":"","overlay-color":"","overlay-gradient":""}},"ast-content-background-meta":{"desktop":{"background-color":"var(--ast-global-color-5)","background-image":"","background-repeat":"repeat","background-position":"center center","background-size":"auto","background-attachment":"scroll","background-type":"","background-media":"","overlay-type":"","overlay-color":"","overlay-gradient":""},"tablet":{"background-color":"var(--ast-global-color-5)","background-image":"","background-repeat":"repeat","background-position":"center center","background-size":"auto","background-attachment":"scroll","background-type":"","background-media":"","overlay-type":"","overlay-color":"","overlay-gradient":""},"mobile":{"background-color":"var(--ast-global-color-5)","background-image":"","background-repeat":"repeat","background-position":"center center","background-size":"auto","background-attachment":"scroll","background-type":"","background-media":"","overlay-type":"","overlay-color":"","overlay-gradient":""}}},"product_cat":[225,208],"product_tag":[249],"class_list":{"0":"post-2864","1":"product","2":"type-product","3":"status-publish","4":"has-post-thumbnail","6":"product_cat-twitter-tay-ngang","7":"product_cat-xe-dap-twitter","8":"product_tag-twitter-stealth-pro-touring","9":"desktop-align-left","10":"tablet-align-left","11":"mobile-align-left","12":"ast-product-gallery-layout-horizontal-slider","13":"ast-product-tabs-layout-horizontal","15":"first","16":"instock","17":"sale","18":"shipping-taxable","19":"purchasable","20":"product-type-simple"},"_links":{"self":[{"href":"https:\/\/antamebike.com\/index.php?rest_route=\/wp\/v2\/product\/2864","targetHints":{"allow":["GET"]}}],"collection":[{"href":"https:\/\/antamebike.com\/index.php?rest_route=\/wp\/v2\/product"}],"about":[{"href":"https:\/\/antamebike.com\/index.php?rest_route=\/wp\/v2\/types\/product"}],"replies":[{"embeddable":true,"href":"https:\/\/antamebike.com\/index.php?rest_route=%2Fwp%2Fv2%2Fcomments&post=2864"}],"wp:featuredmedia":[{"embeddable":true,"href":"https:\/\/antamebike.com\/index.php?rest_route=\/wp\/v2\/media\/2929"}],"wp:attachment":[{"href":"https:\/\/antamebike.com\/index.php?rest_route=%2Fwp%2Fv2%2Fmedia&parent=2864"}],"wp:term":[{"taxonomy":"product_cat","embeddable":true,"href":"https:\/\/antamebike.com\/index.php?rest_route=%2Fwp%2Fv2%2Fproduct_cat&post=2864"},{"taxonomy":"product_tag","embeddable":true,"href":"https:\/\/antamebike.com\/index.php?rest_route=%2Fwp%2Fv2%2Fproduct_tag&post=2864"}],"curies":[{"name":"wp","href":"https:\/\/api.w.org\/{rel}","templated":true}]}}